2 - w**3 + z + 0*w**2 + 0*w**3. What is the units digit of j(0)?
1
Let j(r) = -7 - 1 + 0 + 2 + r. What is the units digit of j(8)?
2
Let t(b) = 12*b**2 - 2*b + 1. Let l be t(2). Let u = -14 + l. What is the tens digit of u?
3
Suppose -2*m - q = -2*q - 209, 0 = -4*m + 3*q + 423. What is the hundreds digit of m?
1
Suppose 5*t + 10 = -10. What is the units digit of (27/12)/((-1)/t)?
9
Let n(i) = 24*i**2 - 4*i + 6. What is the hundreds digit of n(3)?
2
Suppose 6*b + 20 = 2*b. Let g(x) = 2*x**2 - 6*x - 2. Let c(j) = -5*j**2 + 12*j + 4. Let w(m) = 3*c(m) + 7*g(m). What is the units digit of w(b)?
3
Suppose -3*m + 274 = w - 0*m, -3*w = m - 838. What is the units digit of w?
0
Let v = -3 - -5. Suppose v*g - 27 = 3. What is the units digit of g?
5
Let q = 14 + -7. Suppose w - q*w = -246. What is the units digit of w?
1
What is the units digit of -5*((-2504)/(-20))/(-2)?
3
Suppose 0 = -4*u - f + 2*f - 19, 9 = -2*u + f. Let v be 966/15 - (-2)/u. Suppose -3*y + v = y. What is the tens digit of y?
1
Let p(r) = -r**2 + 5*r + 4. Let x be p(5). Suppose 5*a - 15 = -0*a. Let g = x - a. What is the units digit of g?
1
Let p(j) = -3*j - 14. What is the units digit of p(-13)?
5
Let t(v) = -v**3 - 6*v**2 - 2*v + 2. Let m be t(-4). Let c = m + 43. What is the tens digit of c?
2
Let f(a) = -a**3 - 10*a**2 + 6*a - 9. What is the units digit of f(-11)?
6
What is the units digit of (-7430)/(-30) - ((-6)/(-9) - 2)?
9
Let n = -179 - -304. What is the units digit of n?
5
Let s = -35 - -36. What is the units digit of s?
1
Let l(y) = -y - 1. Let k(b) = -7*b + 2. Let s(w) = 15*w - 4. Let j(p) = 10*k(p) + 4*s(p). Let a(g) = j(g) + 3*l(g). What is the tens digit of a(-1)?
1
Let d(l) = -3*l - 1. Let t be d(-2). Suppose g - 8 = t*g. What is the units digit of 5 - g/((-1)/(-1))?
7
Let j be 3*-1 - (-4 - -1). Suppose a - 5*a + 12 = j. What is the tens digit of 1/(a/12)*3?
1
Suppose -5*n + 11 - 1 = 0. Suppose -n = 7*k - 9*k. What is the units digit of k?
1
Suppose 7*i + i = 904. What is the tens digit of i?
1
Let h(z) = 3*z**2 - z - 1. Let a = 15 + -13. What is the units digit of h(a)?
9
Let n = 32 + -19. Suppose 5*c + 15 = -5*w, -2*c + 1 = -4*w + n. What is the units digit of (-8 - 5)/(-2 + w)?
3
Let x be 217/5 - (-4)/(-10). Suppose 0 = -3*g + x + 32. What is the tens digit of g?
2
Suppose -x + 113 = 9. What is the tens digit of x?
0
Let i(q) = -q**3 - 9*q**2 + 2*q + 25. What is the tens digit of i(-11)?
4
Suppose -3*l - 2*l = 0. Let q = 4 + l. What is the units digit of (-40)/(-6) + q/(-6)?
6
Let y(r) = -2*r**2 - r**2 - 7*r + r**2 + r**2 - 4. What is the units digit of y(-5)?
6
Let s be 13/2 + (-4)/8. Suppose s = t + 2. What is the units digit of t?
4
Suppose -1 - 5 = -3*v. Let h = 0 - -5. Suppose 0 = h*w - 38 - v. What is the units digit of w?
8
Suppose 5*o = 4*x + 457, -4*o + 5*x + 368 = 3*x. Suppose o = 2*z - 3*s, z + 4*z = 3*s + 228. What is the tens digit of z?
4
Let d(g) = -g + 12. Let o be d(10). Suppose -o*s + 12 = -30. What is the units digit of s?
1
Suppose 10*v = 12*v - 24. What is the units digit of v?
2
Let w = 3 + -3. Let v(j) = j + 12. Let o be v(-11). What is the units digit of (w - o/(-3))*21?
7
What is the tens digit of (1 + (-334)/(-6))*(-336)/(-140)?
3
Suppose 0*j - 4*j + 84 = 0. What is the units digit of j?
1
Suppose 5*w - 2*w = 15. Let h = 8 - w. What is the units digit of h?
3
Let i be -3*22 - (-5)/5. Let a = -8 - i. What is the tens digit of a?
5
Suppose -2 = k, -3*j = k - 5*k - 32. What is the units digit of j?
8
Suppose -i + 16 + 12 = 0. Suppose -148 = -5*g - i. What is the tens digit of g?
2
Suppose 0*t = u + t - 8, 0 = -5*t + 5. Let d = u - -2. What is the units digit of d?
9
Let x(f) = -17*f - 1. Let m be x(-1). Suppose 2*j - 6*j + m = 0, 4*n = -j + 100. What is the tens digit of n?
2
Suppose -b + 14 = -13. Let q = -16 + b. What is the units digit of q?
1
Let x(g) = 2*g**3 + g**2 - 2*g + 1. Let f be x(1). Let l = 6 - f. What is the units digit of l?
4
Let a = 7 + -3. Let s be (-27)/(-3 + a) - -3. What is the units digit of 18/8*s/(-9)?
6
What is the tens digit of (-25)/2*16/(-20)?
1
Let h(v) = -34*v**3 + v. Let p = 15 + -16. What is the units digit of h(p)?
3
Let g = -16 + 55. What is the tens digit of g?
3
Let j(s) = 13*s - 3. Let w be j(-4). Let h = -29 - w. What is the tens digit of h?
2
Let h = 3 - 0. Suppose -h*z + 4*z = 5*i - 40, -4 = -2*i - 2*z. What is the units digit of i?
7
Let w(i) be the third derivative of 0 - i**2 + 7/60*i**5 + 1/120*i**6 + 7/24*i**4 + 0*i + 7/6*i**3. What is the units digit of w(-6)?
1
Suppose 0 = 4*n, 5*n + 4 = -0*f + f. Suppose f = p - 6. What is the units digit of p?
0
What is the units digit of -4 + -2 + 4 + 36?
4
Let m(c) = -c**2 + 5*c + 8. Let d be 0/(-1 - 0 - 1). Suppose d = 2*b - 0*b - 12. What is the units digit of m(b)?
2
Suppose 5*i - 137 = 103. What is the units digit of i?
8
Let p be (-27)/(-4) + (-1)/(-4). Suppose -d - p = 26. What is the units digit of (-4)/(-14) + d/(-7)?
5
Suppose -q + 3 = 10. Let i(f) = -3*f. What is the units digit of i(q)?
1
Let p(k) = -76*k**3 - k**2 + 1. What is the tens digit of p(-1)?
7
Suppose 420 = 5*q + 2*g - 49, 5*q + 3*g = 466. What is the tens digit of q?
9
Let z(f) = f**2 - 5*f + 1. What is the units digit of z(6)?
7
Let d be 38/8 + 3/12. Suppose -2*v = -3*k + 16 + 20, -d*v - 56 = k. What is the units digit of 38/6 - 8/v?
7
What is the units digit of 5/(-4) + 31031/124?
9
Suppose -3*u = -0*u + 3*d - 129, 0 = -3*u - 4*d + 124. What is the units digit of u?
8
Let g be (-6)/(-15) + (-16)/(-10). Suppose 3*k - 2*n - 18 = g*k, 2*n - 24 = -2*k. What is the tens digit of k?
1
Suppose 2*j + 3*d - 220 = 0, 2*j = -2*j + 4*d + 400. What is the tens digit of j?
0
Let t = 4 + 0. Suppose n + b = 15, 2*b = -t*n - 0*b + 54. What is the units digit of n?
2
Suppose -4*q + 150 = 2*x, 5*q + 0*x + 3*x - 186 = 0. Suppose 29 = 4*o - q. What is the tens digit of o?
1
Suppose 6*o + 76 = 7*o. What is the units digit of o?
6
Let i(t) = t**2 - 7*t + 12. Let w be i(5). Let a = -1 - -1. Suppose -h - w = 0, a*h = 3*c + h - 28. What is the units digit of c?
0
Suppose -2*g - 16 = -n, n - 4*g = -0*n + 18. Let z = 5 - n. Let a = z + 13. What is the units digit of a?
4
Let r = 66 + 1. What is the units digit of r?
7
Let i(a) = 3*a - 18. What is the tens digit of i(16)?
3
Let u(t) = 5 - 4*t**3 + 3*t**3 + 15*t**2 - t - 22*t**2. Let z = 4 + -11. What is the tens digit of u(z)?
1
Let f(o) = o - 1. Let n be f(-5). Let t = -4 - n. Suppose -p = -3 + t. What is the units digit of p?
1
Suppose -4*n + 538 = 2*r, 5*r - 3 = 2*r. What is the hundreds digit of n?
1
Let z(t) = -t + 4. Let s be z(-6). Suppose 0 = -5*o + s + 130. What is the units digit of o?
8
Let w(t) = t**2 - 9*t - 41. What is the tens digit of w(17)?
9
Let i = 0 + 4. Let w be 30/i*12/9. What is the units digit of ((-9)/(-15))/(1/w)?
6
Let k(g) = -14*g - 12. What is the tens digit of k(-4)?
4
Suppose 3*f - 4*v - 58 = 38, -4*f = -2*v - 118. What is the units digit of f?
8
Suppose 3*t + 15 = 0, 0 = -4*d - 2*t + 1 - 3. Let g(u) = 4*u**3 + 2*u**2 - u + 2. Let k be g(d). Suppose k = -2*h + 6*h. What is the units digit of h?
0
Let y(v) = -v + 4. Let r be y(3). Suppose -g = -4 - r. Suppose 10 = g*b - 40. What is the tens digit of b?
1
Let j(z) = 2*z**2 + 10*z + 5. Let g be j(-7). Suppose -4*u - 11 + g = 3*x, x = 5*u - 18. Suppose 4*n - 3 = -15, -a + u = 2*n. What is the tens digit of a?
1
Suppose 2*s = -2*r - 3*r + 177, 0 = 3*s + 2*r - 282. What is the units digit of s?
6
Let c(f) = f**2 + 51. What is the units digit of c(0)?
1
Let k = -40 + 71. What is the units digit of k?
1
Suppose 2*g + 5*u = -15 + 32, -g - u + 1 = 0. Let v(b) = -b**2 - 3*b**2 + 4*b - 3*b - 4*b - 5 - b**3. What is the units digit of v(g)?
7
Let x be (5/(-3) + 1)*6. What is the units digit of (-30)/(-4) - x/(-8)?
7
Suppose 0 = -u - 0*u + 2*g + 92, -4*u + 332 = g. Suppose 0 = 4*m + 5*l - u, -3*m - 3*l + 63 = -l. What is the tens digit of m?
2
Let w = -6 - -13. Let u(l) = l**2 - 5*l - 10. What is the units digit of u(w)?
4
Let s = -4 + 0. Let l = 0 + 1. What is the units digit of (0 + l)/((-2)/s)?
2
Let q = 13 + -11. Suppose -4*y = q*j - 38, 3*y - 2 = -j + 21. What is the tens digit of j?
1
Let d = 62 - 35. What is the units digit of d?
7
What is the tens digit of -3 - 318/(-5) - 6/10?
6
Let